6
Evaluate -14 - (6 - (-11 + 25)).
-6
Calculate (-13 - -21) + 2 + -19.
-9
What is the value of 0 + 2 + 15 + (3 - 14 - -18)?
24
What is the value of 5 + (-13 + 9 - (-13 + 8))?
6
What is -2 + 4 + (56 - 52)?
6
What is (22 - 51) + 40 + 15?
26
Evaluate 20 + 11 + 14 + -31.
14
-1 - (5 - -10) - -8
-8
Evaluate 0 + (3 - (-8 - 1 - -6) - -1).
7
Evaluate 6 - (-86 + 86 - (-1 + 1 + 8)).
14
Calculate 1 + 3 + -2 + (-17 - (11 - 42)).
16
What is the value of 5 + 1 + 1 - (-10 + -1 + 31)?
-13
Evaluate 24 + -57 + 33 + 13 + -2.
11
(-18 - -18 - 19) + (-3 - -8 - 14)
-28
Evaluate (11 - -5) + (-5 - 4).
7
Calculate 2 + -4 - (161 - 166).
3
Evaluate 4 + 5 - (-27 + 20 + 33).
-17
What is the value of -2 + (1 - 12) - (-28 + 27)?
-12
Evaluate 3 + (-9 - -9 - -7) + -18.
-8
Evaluate -11 + (1 - (-2 + 9)) - -10.
-7
What is 9 - (11 + 3 + -4 + -8) - -14?
21
Calculate -2 - -1 - (-15 - (-37 + -16)).
-39
Evaluate (20 + -13 - (23 - 14)) + -22.
-24
What is the value of ((-12 - -10) + 0 - 6) + -2?
-10
Evaluate 40 + -36 + -2 + -4.
-2
Calculate (0 + 2 - 2) + (-45 - (-4 - 22)).
-19
What is -30 + 23 + 4 - (10 - 0) - -1?
-12
Evaluate (-1 - 10) + 16 + -6 + 2 + 0.
1
Calculate -9 - -17 - (7 - (-5 + (6 - 7))).
-5
Evaluate (-11 - 0) + (-2 - 13 - -13) - 7.
-20
What is 7 + (-9 + 1 - 5) + 8 + -14?
-12
Calculate (-10 - 1) + 36 + -30.
-5
What is (-7 - -1) + (-45 + -21 - -62)?
-10
Calculate 5 - 10 - 27 - -20.
-12
What is the value of (0 - -15) + 78 + -90?
3
What is the value of -15 + (-7 - -43) + -13 + 9?
17
What is the value of (-32 - -33) + 1 + -4 + 13 + -7?
4
(-11 - (-37 - 20)) + -29
17
7 + -2 + -10 - (5 - (1 - 3))
-12
What is the value of 0 - (-10 - -12) - (-3 - -5)?
-4
1 + 29 + (413 - 430) + -10
3
Evaluate 233 - 267 - (-2 + -13).
-19
What is the value of 46 - (-39 - -52) - 0?
33
What is -2 + -5 + (9 - (10 + -4)) + 4?
0
What is the value of 9 - (-5 + 17) - (-24 + 14)?
7
What is 13 + -11 - 3 - (3 - (18 + -2))?
12
What is 0 + -4 - ((11 - (-18 + 5)) + -8)?
-20
Evaluate -16 - -31 - (4 - (-4 + 8)) - 2.
13
What is the value of 2 - (5 + -1 + (56 - 76))?
18
What is -6 + 48 + -16 + 8?
34
What is the value of (115 - 39) + -39 + -29?
8
2 - 43 - (526 + -593)
26
(1 - 3 - -1) + 2 - (15 + -11)
-3
Evaluate (-1 - 14) + (12 - 1) + 107 + -121.
-18
9 + -11 + (-3 - 1) + 4 + 4
2
What is 156 - 131 - (-4 - -18)?
11
What is the value of 3 - 3 - -13 - (12 + -19 - -12)?
8
Calculate 5 + (3 - 0 - 0 - (-519 + 515)).
12
Evaluate -2 + 0 - (-23 - 38 - -36).
23
1 + (-3 - -3) + 5 - -7
13
-1 - (-9 - -15) - 2
-9
Evaluate -2 - (7 + -5 - 9 - 5).
10
What is -2 - (13 + 7 + -13 + -1)?
-8
Calculate -18 - (-12 - 2) - -14 - (6 + -1).
5
(-2 - 0) + -11 + -2 + 4
-11
Evaluate -27 + 28 + (-16 - -4) + 6 + -22.
-27
10 - (3 + 11) - -21
17
Evaluate 28 + -4 + (4 - -1) + -15.
14
-5 + -16 + -11 + (2 - 4) + 6
-28
What is the value of 18 + (-3 + -3 - -2) - 8?
6
What is 3 + (-12 - -1) + (6 - (-31 + 32))?
-3
What is the value of (43 - (11 + 8)) + -35?
-11
Evaluate (-7 - -5) + 46 - 29.
15
(-13 + 1 - -9) + (2 - 11)
-12
What is the value of 33 - (48 - 31 - 19)?
35
What is (13 - (-14 + 8 - -28)) + -5?
-14
Calculate (-4 - -4) + (-64 - -46).
-18
Calculate 7 - ((7 + 1 - 7) + -9).
15
What is -18 - -1 - (-1 - 0 - (4 - -1))?
-11
What is (20 + -19 - -56) + -42?
15
What is the value of 15 + (-12 - (-5 - 0)) + 9?
17
Calculate -24 - (21 - 9) - -21.
-15
What is the value of -1 + -2 + 4 + 16 + (1 - 6)?
12
What is the value of -28 + (20 - (11 + 15) - (-11 + 1))?
-24
-9 + (1 - -21 - 24)
-11
What is 1 + (-9 - -5 - -3) + 4?
4
What is the value of (-5 + -1 - -2) + (-48 - -38 - -20)?
6
Calculate (-52 - -47 - (-6 + 1)) + 4.
4
What is 0 - (0 + -1) - (-11 + -9 + 9)?
12
Evaluate -78 + 25 + 34 + 23.
4
Evaluate -4 - ((5 - (10 - 12)) + -2).
-9
What is -6 + -1 - (1 + 2 - (19 + -15))?
-6
What is 8 + (-25 - -12) + 5?
0
Evaluate 15 + 18 + -16 + -7.
10
Calculate 20 + -4 + -17 - (0 + -7).
6
(13 - 17 - 8) + 8
-4
2 + 2 - (51 + -43)
-4
Evaluate (-14 - (-52 - -27)) + 23.
34
Evaluate -5 + 7 + -3 + 13 - (4 - -2).
6
What is 22 - (-20 + 35 + 7)?
0
Calculate (11 + 0 - -7) + -8.
10
Evaluate 6 + -5 + 7 + (0 - 1) + -16.
-9
Evaluate -116 + 105 + (-1 - -1).
-11
(1 - -1) + (12 + -46 - -29)
-3
Evaluate (-14 - (-10 - -6)) + 6 - -10.
6
What is the value of -268 - -281 - (-1 + 9)?
5
Evaluate (20 - 13) + -8 + 18.
17
0 - 7 - (-24 - (19 - 22))
14
(2 - -10) + (-20 - -12)
4
19 - (45 + -29 + 10)
-7
Calculate 19 - (30 + -27 + -12 + 22).
6
What is the value of 11 - (2 - -1) - 1 - 17?
-10
Evaluate 1 + -5 + -2 - (1 - (-3 - -3)).
-7
What is (-44 - -74) + -31 + -1?
-2
-21 + 1 + 27 - (12 + (-1 - -2))
-6
Evaluate 23 + (-2 - -1) - (484 + -478) - 10.
6
What is 0 - 56 - (-70 - -45)?
-31
What is (4 + 2 - (5 + 11)) + -10 + 11?
-9
What is the value of 7 - ((-2 - -9) + (-40 - -67)) - -1?
-26
-18 - -18 - -13 - 19
-6
Calculate 8 + 0 + (23 - (-53 - -48)).
36
Evaluate (1 - (9 - (6 - 5))) + -28 + 45.
10
Evaluate -30 - -32 - (15 - (4 + -7 + -2)).
-18
Evaluate 12 - (2 - (-3 + -9)).
-2
-8 - (-1 + (1 - 7) + 7 + 8)
-16
Calculate -39 + 90 + -59 - ((-2 - -1) + -12).
5
15 + (32 - (25 - 4))
26
What is the value of -2 - (17 - 8) - (0 + -9)?
-2
What is (-11 + 5 + 0 - -9) + -14 - 5?
-16
What is -2 - (-1 - -8 - 1 - 11) - 10?
-7
Calculate (3 - 0) + (-4 + -1 - 1) + -6.
-9
What is the value of 3 + (4 - 5) - (7 + -2)?
-3
(694 - 706) + (29 - 0)
17
Calculate 26 - (1 + (-16 - -46)).
-5
What is (-67 - -54 - (-7 + 0)) + 7?
1
Evaluate -10 - ((-3 - (6 + (-5 - 10))) + 22).
-38
What is the value of (82 - 13 - 35) + -58?
-24
Calculate (-18 + 8 - -1) + 21.
12
What is the value of (-69 - -92) + 3 + 0 + 9?
35
Evaluate 5 - 5 - 5 - (-3 - (8 + -3)).
3
Calculate 3 + 7 + 1 - 19.
-8
What is the value of -7 - (2 - 11) - 1 - -7?
8
What is 6 - (-13 + 5 + 8 + -1)?
7
Evaluate -1 + (-7 - -2) - -18.
12
Evaluate 7 + (4 + -13 + 5 - 8).
-5
What is the value of (-18 - (-9 - (20 - 27))) + 34?
18
Evaluate 22 + (-3 - -10) + -19.
10
What is the value of 7 + (5 - 16) + -9 + -3?
-16
Calculate -16 + (9 - (8 + -6)).
-9
Calculate 5 - (10 + 0 - (-139 + 144)).
0
Evaluate -5 + -45 + 11 + -13 + 12 + 0.
-40
Calculate 3 - (1 - 1) - (-872 - -859).
16
96 - 82 - (-14 - 2)
30
What is the value of (-8 + -2 + 4 - (-99 + 61)) + -8?
24
What is the value of -1 + (-6 - -5) - (142 + -135)?
-9
What is the value of 5 + -3 + -2 - (2 - -1 - -1)?
-4
Calculate 8 - (26 + -9 + 4).
-13
What is 26 + -20 + -21 + 0 + -14?
-29
Calculate (13 - 11) + -1 + -1.
0
-41 + 8 + 1 + -28 + 20
-40
Evaluate (18 - 17) + (15 + 1 - (-2 + 7)).
12
What is the value of 8 + (2 - 13) + 10?
7
What is -3 - 0 - (8 + 4 + -5)?
-10
2 + (0 - -1) + 26 + -9 + -11
9
1 - (-16 + 30) - -20
7
(-46 - -56) + -36 + -5 + -6 + 8
-29
Calculate 1 + 6 + -7 - -3.
3
Calculate 28 + 4 + -52 - (3 + 2 + -12).
-13
Calculate -1 + (8 - (-10 - -11) - -3) + 2.
11
499 + -490 + (5 - 0) + 1
15
Evaluate 15 - (-8 + 11 + 3 + -2).
11
What is the value of 96 + -33 + -79 + (0 - -50)?
34
What is -82 + 35 - -23 - -5?
-19
-81 + 61 - (-12 + -1)
-7
Calculate 23 + (10 - (3 - -8)) + -9.
13
-18 - 1 - (42 + -42) - (3 + 3)
-25
Evaluate -27 - (-8 + 2 + 2) - 4 - 4.
-31
What is the value of -16 + (-16 - (-34 + (-14 - -9)))?
7
What is 8 + -250 + 256 + (7 - 0)?
21
67 + -61 + -1 + 6
11
Calculate (-10 - (9 + -11)) + 2 + 13.
7
What is the value of -6 + -2 - (13 + -29 - 3)?
11
-12 + -3 + -8 + 22
-1
Calculate -5 - (-13 - (2 + -18 - 9)).
-17
Calculate 128 + -50 + -48 - (9 + -1).
22
Calculate (13 - (2 + 3)) + -2 + 2 + 11.
19
Evaluate -2 - (0 + 0) - (12 + -73 + 67).
-8
What is (0 - 8) + (-49 + 40 - -15)?
-2
Evaluate -2 + 4 - 36 - -34.
0
0 - (-6 + -6 + (12 - 3))
3
What is (-19 - -21) + -1 + 15?
16
Evaluate 0 + -2 + (1 - (0 - -1)) - -3.
1
Calculate 9 + (-6 - (4 + -7)) - (-2 - 0).
8
Calculate (-1 + -3 - -25 - 4) + -41 + 34.
10
Calculate -6 + -9 + 5 + -3 + 6.
-7
Calculate (-20 - -22 - 5) + -2 + 2 - -9.
6
Calculate 2 - -6 - (-350 - -359).
-1
Evaluate -7 - -5 - -1 - 6 - (-5 + 1).
-3
Calculate (4 - (-4 - -48)) + (42 - 30).
-28
13 + -23 - -1 - -23
14
-6 + -3 + 8 + 1 + -1
-1
-2 - 0 - (-49 + 57)
-10
What is the value of 8 + -34 + -1 + -2 + 8 - -3?
-18
Calculate 16 - (509 + -525 + (14 - (0 - -2))).
20
Evaluate -8 + 4 - 2 - -6.
0
What is the value of -3 - (-4 - (-8 + 0 + -2))?
-9
-9 + 7 - (0 - 3 - (-3 - 8))
-10
Evaluate -2 + (-6 + 3 + -3 - -9) + -5.
-4
Evaluate (-1 - 0) + -1 + 4 + (1 - 3).
0
What is the value of -1